t - 12. Let f(w) = 3*g(w) + 2*q(w). Let j = -2 - -4. What is the remainder when f(j) is divided by 14?
8
Suppose -2 = -4*m + 2*h + 10, 3*m = -2*h + 16. What is the remainder when (27104/1540)/((-2)/(-5)) is divided by m?
0
Let d(w) = -w**3 + 2*w**2 + 5*w + 4. Let s = 519602 + -519589. Calculate the remainder when d(-5) is divided by s.
11
Suppose -2*k - d + 12 = 0, 3*k + 0*d + 4*d - 8 = 0. Suppose f - 5*x = k - 63, x = f + 47. Let t = f - -59. Calculate the remainder when 26 is divided by t.
12
Let a(i) = -7*i - 641. Let h(q) = -6*q - 643. Let s(p) = -5*a(p) + 4*h(p). What is the remainder when s(0) is divided by 53?
50
Let t(l) = -l + 242. Let j = -26 + 53. What is the remainder when t(2) is divided by j?
24
Let k(n) = -n**2 + 11. Suppose 10*z + 0*z = 270. Suppose -159 = -6*c + z. Calculate the remainder when c is divided by k(0).
9
Let l(i) = 14*i**3 + i**2 - i. What is the remainder when 8856/(-432)*24/(-6) is divided by l(1)?
12
Let g(y) = -1363*y - 4390. Calculate the remainder when g(-4) is divided by 119.
110
Let r(w) = w**2 + 6*w + 15. What is the remainder when r(-8) is divided by 2/(-3)*(-2)/(32/(-24))*-17?
14
Suppose n + n = -8, -2*y - 4*n = 16. Calculate the remainder when (85 + y)/(21 + -20) is divided by 24.
13
What is the remainder when 637 is divided by (24/(-2))/((-8)/156)?
169
Let i(n) = n**2 + 4*n - 27. Let b be i(-8). Suppose -b*p = 4*x - 10*p - 63, 4*x - 3*p - 65 = 0. Let k = 66 - 0. Calculate the remainder when k is divided by x.
15
Suppose 3*o + o + 5*b = 18, o + 2 = 2*b. What is the remainder when 0*o/(-6) - -7 is divided by 6?
1
Let i = 4 - -2. Let p = -42 + 84. Suppose -13*q = -15*q + p. Calculate the remainder when q is divided by i.
3
Suppose -41*w = -38*w - 132. Let y(t) = -t**2 - 95*t + 437. Calculate the remainder when y(0) is divided by w.
41
Suppose 13*a + 16*a = 87. Suppose -a*b - i = -183, -b - b + i = -117. What is the remainder when b is divided by 13?
8
Let i be -4 + (2 - -271) + 2. Let h = i + -41. Let w = h + -126. What is the remainder when w is divided by 36?
32
Calculate the remainder when (-300)/(-800) - ((-2)/8)/(4/52058) is divided by 74.
72
Let j(i) = i - 4. Let z be j(4). Suppose 6*x + 77 - 275 = z. Let n = -30 + x. What is the remainder when 3 is divided by n?
0
Let b(p) = p**3 + 4*p**2 - 5*p - 2. Let m be b(-5). Let d(c) = -20*c - 14. Calculate the remainder when 49 is divided by d(m).
23
Let j(b) = b**2 + 4*b + 23. Let k be j(-9). Calculate the remainder when (k/(-12))/(((-20)/36)/5) is divided by 27.
24
Let j = -50 - -130. Let t = j + -35. Suppose t = 15*h - 12*h. What is the remainder when 56 is divided by h?
11
Suppose -5*k + 34 = 2*j - 115, -k + 57 = -3*j. Calculate the remainder when 2109 is divided by k.
30
Let j be 385 - (1 - 0)*-2. Suppose 3*p - 175 = 2*b + j, -p = -b - 186. Let h = p + -98. What is the remainder when h is divided by 47?
45
Let s be ((-18)/12)/((-9)/12). Suppose m - s*m + 3 = 0. What is the remainder when 3/9 - (-248)/m is divided by 28?
27
Let v(i) = -16*i**2 + 81*i + 12. Calculate the remainder when 7409 is divided by v(5).
14
Suppose 106*a - 9707 = 6121 - 5122. Calculate the remainder when a is divided by 34.
33
Let s = 3175 + -2763. Calculate the remainder when s is divided by 7.
6
Suppose 8*k + 81 = 11*k. Let j(n) = 114*n**3 + 2*n**2 + 2*n - 2. Let r be j(2). Calculate the remainder when r/7 - (-8)/28 is divided by k.
24
Suppose -7*n = -5309 - 250 - 2162. Calculate the remainder when n is divided by 217.
18
Suppose -8*q = 13 - 5. Calculate the remainder when q - 279/(-5) - (-7)/35 is divided by 35.
20
Let m(x) = -18*x + 77. Let r(d) = -d**2 - 55*d + 233. Let a(g) = 7*m(g) - 2*r(g). What is the remainder when 227 is divided by a(7)?
50
Let l = -10117 - -10360. What is the remainder when l is divided by 79?
6
Calculate the remainder when 357 is divided by 37 - 14*(-5)/(-30)*3.
27
Let t = -4232 - -4279. What is the remainder when 419 is divided by t?
43
Let d(c) = -c**3 + 3*c**2 + 2*c + 3. Let f be d(3). Suppose m = -2*m - f. Calculate the remainder when (-253)/m - 4/(-6) is divided by 22.
19
Suppose 24*j - 97606 = -13*j. What is the remainder when j is divided by 264?
262
Let k = 255 + 197. What is the remainder when k is divided by 7?
4
Let u be ((-1469)/26)/(2/(-20)). Calculate the remainder when -1 - (2/(-9) - u/9) is divided by 14.
6
Let h(x) = 1 + 4 + 5 + 7*x. What is the remainder when 101 is divided by h(1)?
16
Calculate the remainder when ((-10)/4)/((-5)/((-2480)/(-8))) is divided by 54.
47
Let y(b) = -2*b + 149. Let z be y(28). Suppose -10*p + 32 = 2*h - 7*p, 5*h = -p + z. Calculate the remainder when 62 is divided by h.
5
Let c = 3588 - 3481. Let g(d) = -d**3 + 15*d**2 - 14*d + 19. Calculate the remainder when c is divided by g(14).
12
Suppose -3*o + 4*g + 465 = 2*g, -5*o - 4*g = -797. Calculate the remainder when o is divided by 64.
29
Let v(y) = -14*y - 2. Let z = 219 + -220. What is the remainder when 47 is divided by v(z)?
11
Let k = -5754 - -6171. Calculate the remainder when 949 is divided by k.
115
Suppose -42 = 3*f - 2*f - i, -4*f + 2*i = 178. Let r = f + 47. What is the remainder when 22 + r + (-2 - (-5 - 0)) is divided by 13?
12
Let s = -321 - 43. Let g = -254 - s. Suppose -4*c = 8*c - 168. What is the remainder when g is divided by c?
12
Let p = -2044 + 2045. What is the remainder when 1 is divided by p?
0
Let p(j) = 19*j**2 - 5*j - 77. Let d be p(11). Suppose 0 = -9*r + 20*r - d. Calculate the remainder when r is divided by 9.
8
Let i(j) = 3*j**2 - 21*j + 75. Let u = -3 - -16. Calculate the remainder when i(9) is divided by u.
12
Let v = 12483 - 12245. Calculate the remainder when v is divided by 62.
52
Let r(q) = 24*q**2 + 144*q + 69. What is the remainder when 759 is divided by r(-6)?
0
Let g(m) = 63*m - 65. Let i be g(5). Let k = -233 + i. Suppose -100 = -2*l - w, -2*w - 40 = 2*l - 3*l. What is the remainder when l is divided by k?
14
Suppose 3*y + 24*g - 61 = 19*g, 0 = -3*y + g + 67. Calculate the remainder when 263 is divided by y.
21
Suppose -15 + 3 = -4*b. Calculate the remainder when b is divided by (-3)/((-24)/(1 - -7)).
0
Let o be 140/16 + (3/(-4) - -1). Let r(c) = c + 0*c - 8*c + o*c + 4*c**2 - 2. Calculate the remainder when 70 is divided by r(2).
16
Suppose 16 = 2*a + i + 3*i, -3*i = 4*a - 42. Let p be -6 - (14/7 - 79). What is the remainder when p/284 + 0 + 182/8 is divided by a?
11
Let i = -23280 - -23513. What is the remainder when 1296 is divided by i?
131
Let w(n) = 14*n - 10. Let o = 105 + -103. What is the remainder when 20 is divided by w(o)?
2
Suppose -51 = -2*b + 45. Let o be (2 + (-9)/6)/(2/b). Let l = -1 + o. What is the remainder when l is divided by 7?
4
Suppose -51*a + 557 + 49 = -720. Calculate the remainder when 89 is divided by a.
11
Suppose -u - 90 = -3*u. Suppose 9*f = -4*p + 11*f + 54, 30 = 3*p - 5*f. What is the remainder when u is divided by (p/6)/(145/60 - 2)?
3
What is the remainder when 43 - 22 - 22 - (-2920)/2 is divided by 11?
7
Let m = -189 - -210. Let p be ((-8)/(-2))/1 + 10. Suppose v - 30 - p = -5*w, 24 = 2*w + 2*v. Calculate the remainder when m is divided by w.
5
Let v(w) = -w**3 - 9*w**2 - 5*w - 16. Let d be 1 + (-4)/3 + 78/(-9). What is the remainder when v(d) is divided by 10?
9
Suppose 42*l = 20*l + 286. Suppose -2*m = -a + 3*a - 276, -5*m = a - 702. What is the remainder when m is divided by l?
11
Let v = 208 + -640. Let p = -368 - v. Calculate the remainder when p is divided by 5.
4
Let a(r) be the second derivative of 26*r**3/3 + 39*r**2 + 140*r - 1. What is the remainder when 250 is divided by a(0)?
16
Let o = 760 + -257. What is the remainder when o is divided by 3?
2
Let i(x) = -4*x - 5*x + 0 - x**2 + 1. Let m(f) = -3*f + 98. Let h be m(34). What is the remainder when 62 is divided by i(h)?
20
Suppose -4*r + 4*f = -12, -2*r + 4*f - 2 = -6. Suppose 2*q = r*q - 14. Suppose -16 = -5*k - 2*t + 1, k = t + 9. Calculate the remainder when q is divided by k.
2
Suppose 4*p - 645 = 24*w - 19*w, -2*p + 321 = -w. Suppose 0 = -4*a + 3*d + 708, -p = -a - 80*d + 85*d. Calculate the remainder when a is divided by 14.
12
Suppose 25*l = 5254 + 621. What is the remainder when l is divided by 41?
30
Suppose 3*u - 3*h + 53 = 245, 5*u = -2*h + 306. Suppose -4*i + 75 + 41 = 0. What is the remainder when u 